 p(4).
-25
Let k(r) = -14*r + 91. What is k(6)?
7
Let c(q) = q**3 - 12*q**2 + 23*q - 40. Determine c(10).
-10
Let n(v) = v**3 - 7*v**2 + 9*v - 5. Determine n(6).
13
Let t(s) = s**2 + 2*s - 35. Determine t(7).
28
Let w(d) = 33*d + 156. Determine w(-5).
-9
Let z(c) = -c**2 - 11*c - 9. What is z(-10)?
1
Let r(c) = -7*c + 29. What is r(5)?
-6
Let u(w) = -w**3 + 2*w**2 + 2*w - 2. Give u(2).
2
Let n(c) = -c**3 - 9*c**2 - 3*c - 5. What is n(-9)?
22
Let w(j) = -j**2 + 3*j + 2. Give w(3).
2
Let k(t) = 7*t**2 + 2*t + 1. Calculate k(-1).
6
Let a(x) = 6*x - 8. Calculate a(2).
4
Let y(w) = w**3 - 8*w**2 + 13*w + 2. What is y(5)?
-8
Let j(g) = g**2 - 12*g + 14. Determine j(3).
-13
Let j(t) = -14*t + 64. Give j(5).
-6
Let a(j) = j**3 + 8*j**2 - 4*j - 4. Calculate a(-4).
76
Let y(v) = -9*v - 1. What is y(3)?
-28
Let w(y) = y**2 + 13*y - 138. Give w(7).
2
Let y(w) = -2*w**2 + 44*w - 9. Calculate y(22).
-9
Let b(g) = -g**2 + 18*g + 51. Calculate b(20).
11
Let l(m) = -m**3 + 10*m**2 + 11*m - 12. What is l(11)?
-12
Let i(k) = -k**3 - k**2 + 2*k - 45. Determine i(0).
-45
Let a(y) = -y**3 - 9*y**2 - 11*y - 15. Calculate a(-8).
9
Let s(u) = -u**2 - 4*u + 47. What is s(-10)?
-13
Let m(t) = -t**3 + 6*t**2 + 2*t - 14. Calculate m(6).
-2
Let w(p) = -3*p + 10. Determine w(3).
1
Let g(y) = 4*y + 5. Calculate g(-1).
1
Let w(z) = -13*z - 16. Determine w(-7).
75
Let z(g) = -5*g**3 + 2*g**2 - 2*g + 2. What is z(2)?
-34
Let j(b) = b**2 + 14*b - 4. Determine j(-12).
-28
Let a(l) = 15*l + 6. Calculate a(-5).
-69
Let s(w) = 13*w**2 + 4*w - 1. Determine s(-1).
8
Let b(q) = -15*q**3 + 2*q**2 + 3*q + 2. What is b(-1)?
16
Let c(f) = -20*f - 16. What is c(-7)?
124
Let n(t) = t**3 - 3*t**2 - 7. Determine n(3).
-7
Let x(h) = -3*h**2 + 32*h - 15. What is x(10)?
5
Let m(n) = n**2 - n - 9. Give m(5).
11
Let i(k) = 4*k + 76. Determine i(-17).
8
Let f(s) = s**2 - 11*s - 31. Give f(13).
-5
Let k(r) = -r**2 - 8*r - 13. Determine k(-10).
-33
Let c(f) = -f**2 - 15*f - 1. Determine c(-10).
49
Let b(c) = -c - 3. Calculate b(-5).
2
Let x(z) = -z**3 - 5*z**2 - 4*z - 11. What is x(-5)?
9
Let k(m) = 2*m - 7. Calculate k(7).
7
Let t(d) = -d**2 + 43. Determine t(-7).
-6
Let o(j) = -136*j + 828. Determine o(6).
12
Let s(l) = -43*l - 735. Determine s(-17).
-4
Let b(h) = -2*h**2 + h - 18. Give b(-5).
-73
Let d(j) = j**2 - 4*j + 2. Give d(7).
23
Let j(i) = -33*i - 482. Calculate j(-14).
-20
Let d(y) = y**2 + 7*y + 6. Determine d(-13).
84
Let f(t) = 35*t**3 + 1. Give f(-1).
-34
Let j(q) = -q**2 + 22*q - 62. Calculate j(3).
-5
Let n(b) = b**3 - 11*b**2 - 26*b - 10. Give n(13).
-10
Let s(x) = 7*x**2 + 7*x + 1. What is s(3)?
85
Let o(c) = -c**2 + 13*c - 9. Calculate o(15).
-39
Let h(r) = -r**2 + 69*r + 1. Give h(69).
1
Let u(v) = -v**2 + 18*v + 333. Give u(-11).
14
Let x(v) = -v**3 + 12*v**2 - 10*v - 4. Determine x(11).
7
Let b(m) = -9*m**2 + 34*m - 2. Give b(4).
-10
Let l(s) = -s**2 - 10*s - 19. Give l(-10).
-19
Let s(v) = -v**2 + 5*v + 11. Determine s(15).
-139
Let m(g) = g**3 + 7*g**2 - 2*g + 10. Calculate m(-7).
24
Let t(j) = 10*j**2 - 51*j + 9. Determine t(5).
4
Let q(o) = 2*o**3 + 13*o**2 + 8*o + 5. What is q(-7)?
-100
Let b(j) = -j**2 + 6*j + 1. Calculate b(6).
1
Let x(o) = 15*o - 14. Give x(-4).
-74
Let o(r) = -4*r**2 - 8*r + 13. What is o(3)?
-47
Let q(u) = u**2 - 10*u + 12. Determine q(8).
-4
Let b(o) = -o**3 - 13*o**2 - o - 24. Calculate b(-13).
-11
Let l(c) = -2*c - 23. What is l(-13)?
3
Let s(h) = 71*h**3 + 2*h**2 - h - 1. Determine s(1).
71
Let v(q) = 2*q**2 - 5*q - 4. Give v(4).
8
Let u(f) = -f**3 + 41*f**2 + 41*f + 46. Determine u(42).
4
Let i(w) = -w**2 - 3*w + 16. Determine i(4).
-12
Let x(o) = -o**2 + 5*o + 29. What is x(0)?
29
Let g(y) = y - 9. Determine g(-4).
-13
Let h(p) = 24*p + 162. What is h(-7)?
-6
Let p(m) = -15*m**2 + 11*m + 10. What is p(-1)?
-16
Let y(g) = 11*g - 93. Give y(9).
6
Let t(n) = 2*n**2 - 12*n + 17. Give t(4).
1
Let j(d) = -4*d + 30. Calculate j(7).
2
Let a(v) = 11*v - 73. What is a(5)?
-18
Let y(u) = -2*u**3 + 3*u**2 - 5*u + 2. Determine y(2).
-12
Let q(f) = 18*f. What is q(-2)?
-36
Let n(q) = -q**2 - 4*q - 4. Give n(-3).
-1
Let u(s) = 28*s - 162. Calculate u(6).
6
Let i(h) = -h**3 + h**2 - h - 16. Give i(-2).
-2
Let h(r) = -18*r - 103. Give h(-6).
5
Let c(r) = r**2 + 8*r. Determine c(-6).
-12
Let o(p) = -8*p - 52. Give o(-6).
-4
Let v(l) = l**2 - 72*l + 566. Give v(63).
-1
Let v(k) = -k - 12. Give v(0).
-12
Let h(d) = d**3 + 17*d**2 - 19*d - 22. What is h(-18)?
-4
Let c(o) = -26*o + 77. Calculate c(3).
-1
Let m(r) = -4*r - 135. What is m(-35)?
5
Let g(j) = j**3 - 23*j**2 + 23*j - 38. Determine g(22).
-16
Let m(b) = b**2 - 4*b - 195. Determine m(-12).
-3
Let v(q) = -2*q**2 + 19*q - 8. Calculate v(9).
1
Let g(d) = -7*d + 185. Determine g(23).
24
Let t(s) = 16*s + 114. Calculate t(-7).
2
Let q(o) = -6*o + 64. Give q(10).
4
Let j(w) = w**2 - 17*w + 39. Determine j(15).
9
Let j(b) = -b**2 - 5*b - 1. What is j(-4)?
3
Let n(z) = 7*z**2 - 2. What is n(2)?
26
Let g(j) = -13*j + 2. What is g(4)?
-50
Let u(a) = -a**2 + 15*a - 48. Give u(12).
-12
Let p(h) = -h**2 - 5*h + 6. Calculate p(-3).
12
Let g(o) = -o**2 - 15*o - 6. Calculate g(-14).
8
Let a(q) = -12*q + 6. Calculate a(3).
-30
Let l(k) = k**2 - 67*k + 626. Calculate l(56).
10
Let v(j) = -3*j + 8. Determine v(-3).
17
Let f(v) = -v**2 - 14*v - 27. Determine f(-13).
-14
Let y(n) = n + 189. Determine y(0).
189
Let l(d) = 6*d + 19. What is l(0)?
19
Let z(m) = 12*m - 24. Determine z(-5).
-84
Let y(s) = 15*s - 176. Give y(12).
4
Let j(n) = n**2 + 20*n - 107. What is j(-24)?
-11
Let z(f) = -f**2 - 35*f - 93. Determine z(-32).
3
Let r(c) = 2*c**3 + 7*c**2 - 28*c + 9. Calculate r(-6).
-3
Let i(m) = -m**3 - 4*m**2 + 13*m. Give i(-6).
-6
Let r(w) = w**3 + 12*w**2 + w + 6. Determine r(-12).
-6
Let y(q) = q**2 - 10*q + 21. Give y(4).
-3
Let m(v) = -v**2 + 8*v - 6. Determine m(3).
9
Let r(t) = t**2 - 7*t + 2. What is r(9)?
20
Let t(b) = -b**3 + 42*b**2 + 185*b - 52. Calculate t(46).
-6
Let s(k) = 11*k + 85. Give s(-7).
8
Let u(y) = -y**3 + 11*y**2 - y - 1. Determine u(11).
-12
Let b(a) = 4*a**3 - 25*a**2 - 18*a - 17. Determine b(7).
4
Let m(s) = -3*s + 17. Calculate m(6).
-1
Let t(u) = u**2 - 37*u - 364. Determine t(-8).
-4
Let d(u) = -2*u - 9. What is d(-6)?
3
Let t(i) = 44*i**2 - 2*i + 1. Calculate t(1).
43
Let w(t) = -5*t + 40. What is w(10)?
-10
Let j(n) = -10*n - 68. Determine j(-7).
2
Let m(t) = -t**3 + 6*t - 12. Calculate m(-3).
-3
Let w(r) = -20*r**2 - 3*r - 3. What is w(-1)?
-20
Let n(i) = -6*i**3 - 3*i**2 + 4*i - 3. Give n(1).
-8
Let o(f) = -20*f. Determine o(-1).
20
Let y(r) = 60*r + 6. Calculate y(-2).
-114
Let z(g) = g - 22. Give z(17).
-5
Let v(c) = 18*c**3 + c**2 + 3*c + 2. Determine v(-1).
-18
Let f(i) = -47*i + 268. Calculate f(6).
-14
Let b(x) = -6*x + 18. What is b(2)?
6
Let a(v) = v**2 + v - 9. Determine a(-7).
33
Let t(q) = q**2 - 3*q. Determine t(4).
4
Let a(w) = w**2 - 9*w - 6. What is a(7)?
-20
Let g(s) = s - 16. Calculate g(12).
-4
Let h(i) = -2*i. Determine h(3).
-6
Let d(l) = l**3 - 12*l**2 - 12*l - 4. Give d(13).
9
Let h(y) = y**3 + 10*y**2 + 11*y + 21. Calculate h(-9).
3
Let n(l) = -8*l**3 - 3*l**2. Determine n(2).
-76
Let a(u) = 2*u**2 - 7*u - 2. Determine a(5).
13
Let v(c) = -4*c**2 + 53*c - 3. What is v(13)?
10
Let o(p) = -3*p - 19. Give o(-13).
20
Let d(t) = t**2 + 5*t - 13. What is d(4)?
23
Let t(y) = y**2 + 4*y - 10. Determine t(6).
50
Let i(d) = -d - 10. What is i(-7)?
-3
Let s(b) = -b + 13. Determine s(19).
-6
Let p(y) = -7*y**2 - 111*y + 13. Determine p(-16).
-3
Let v(r) = -9*r + 3. Give v(7).
-60
Let u(g) = g**2 + 33*g + 203. Determine u(-23).
-27
Let y(t) = -4*t**3 + 4*t - 3. Determine y(1).
-3
Let g(b) = -b**3 - 8*b**2 - b + 18. What is g(-7)?
-24
Let y(f) = -f - 27. What is y(-21)?
-6
Let n(s) = -s**3 + 16*s**2 - 18*s + 24. Give n(15).
-21
Let z(n) = -2*n**2 + 9*n + 14. Calculate z(8).
-42
Let q(m) = 2*m**3 + 2*m**2 - 22*m + 4. Calculate q(-4).
-4
Let o(h) = -3*h**2 - 4*h - 5. What is o(-1)?
-4
Let l(t) = t + 19. Give l(-7).
12
Let w(i) = i**3 - i**2 - 2*i + 58. Determine w(0).
58
Let w(l) = -71*l**2 - 8*l - 7. What is w(-1)?
-70
Let y(r) = -r**3 + r**2 + r + 1. What is y(2)?
-1
Let c(z) = -z - 7. Give c(6).
-13
Let f(k) = 7*k - 2. Calculate f(-1).
-9
Let z(n) = n**3 - 20*n**2 + n - 6. What i